{"id":2124,"date":"2026-03-12T08:40:01","date_gmt":"2026-03-12T08:40:01","guid":{"rendered":"https:\/\/iktyos.se\/?post_type=tribe_events&#038;p=2124"},"modified":"2026-03-12T08:40:01","modified_gmt":"2026-03-12T08:40:01","slug":"kallelse-till-arsmote","status":"publish","type":"tribe_events","link":"https:\/\/iktyos.se\/?tribe_events=kallelse-till-arsmote","title":{"rendered":"Kallelse till \u00e5rsm\u00f6te!"},"content":{"rendered":"<p>H\u00e4rmed kallas Iktyosf\u00f6reningens medlemmar till<br \/>\n\u00e5rsm\u00f6te l\u00f6rdagen den 23 maj 2026.<br \/>\n<strong>Vi \u00e5terkommer med klockslag f\u00f6r m\u00f6tet.<\/strong><br \/>\nPlats: Backag\u00e5rden Kurs och Konferenscenter,<br \/>\nStenskogen 735, 243 91 H\u00f6\u00f6r.<br \/>\nDeltagarkompendium med \u00e5rsm\u00f6teshandlingar<br \/>\nmailas till de medlemmar som anm\u00e4lt deltagande<\/p>\n<p>p\u00e5 f\u00f6reningshelgen.<\/p>\n<p>Det g\u00e5r sj\u00e4lvklart bra att delta digitalt f\u00f6r er som<br \/>\ninte har m\u00f6jlighet att n\u00e4rvara p\u00e5 plats.<\/p>\n<p>V\u00e4lkommna!<\/p>\n","protected":false},"excerpt":{"rendered":"<p>H\u00e4rmed kallas Iktyosf\u00f6reningens medlemmar till \u00e5rsm\u00f6te l\u00f6rdagen den 23 maj 2026. Vi \u00e5terkommer med klockslag f\u00f6r m\u00f6tet. Plats: Backag\u00e5rden Kurs och Konferenscenter, Stenskogen 735, 243 91 H\u00f6\u00f6r. Deltagarkompendium med \u00e5rsm\u00f6teshandlingar mailas till de medlemmar som anm\u00e4lt deltagande p\u00e5 f\u00f6reningshelgen. Det <span class=\"excerpt-dots\">&hellip;<\/span> <a class=\"more-link\" href=\"https:\/\/iktyos.se\/?tribe_events=kallelse-till-arsmote\"><span class=\"more-msg\">L\u00e4s mer &rarr;<\/span><\/a><\/p>\n","protected":false},"author":1,"featured_media":0,"template":"","meta":{"_uag_custom_page_level_css":"","_tribe_events_status":"","_tribe_events_status_reason":"","footnotes":""},"tags":[44,64],"tribe_events_cat":[13],"class_list":["post-2124","tribe_events","type-tribe_events","status-publish","hentry","tag-44","tag-hoor","tribe_events_cat-arsmote","cat_arsmote"],"uagb_featured_image_src":{"full":false,"thumbnail":false,"medium":false,"medium_large":false,"large":false,"1536x1536":false,"2048x2048":false},"uagb_author_info":{"display_name":"Iktyosf\u00f6reningen","author_link":"https:\/\/iktyos.se\/?author=1"},"uagb_comment_info":0,"uagb_excerpt":"H\u00e4rmed kallas Iktyosf\u00f6reningens medlemmar till \u00e5rsm\u00f6te l\u00f6rdagen den 23 maj 2026. Vi \u00e5terkommer med klockslag f\u00f6r m\u00f6tet. Plats: Backag\u00e5rden Kurs och Konferenscenter, Stenskogen 735, 243 91 H\u00f6\u00f6r. Deltagarkompendium med \u00e5rsm\u00f6teshandlingar mailas till de medlemmar som anm\u00e4lt deltagande p\u00e5 f\u00f6reningshelgen. Det &hellip; L\u00e4s mer &rarr;","_links":{"self":[{"href":"https:\/\/iktyos.se\/index.php?rest_route=\/wp\/v2\/tribe_events\/2124","targetHints":{"allow":["GET"]}}],"collection":[{"href":"https:\/\/iktyos.se\/index.php?rest_route=\/wp\/v2\/tribe_events"}],"about":[{"href":"https:\/\/iktyos.se\/index.php?rest_route=\/wp\/v2\/types\/tribe_events"}],"author":[{"embeddable":true,"href":"https:\/\/iktyos.se\/index.php?rest_route=\/wp\/v2\/users\/1"}],"version-history":[{"count":1,"href":"https:\/\/iktyos.se\/index.php?rest_route=\/wp\/v2\/tribe_events\/2124\/revisions"}],"predecessor-version":[{"id":2125,"href":"https:\/\/iktyos.se\/index.php?rest_route=\/wp\/v2\/tribe_events\/2124\/revisions\/2125"}],"wp:attachment":[{"href":"https:\/\/iktyos.se\/index.php?rest_route=%2Fwp%2Fv2%2Fmedia&parent=2124"}],"wp:term":[{"taxonomy":"post_tag","embeddable":true,"href":"https:\/\/iktyos.se\/index.php?rest_route=%2Fwp%2Fv2%2Ftags&post=2124"},{"taxonomy":"tribe_events_cat","embeddable":true,"href":"https:\/\/iktyos.se\/index.php?rest_route=%2Fwp%2Fv2%2Ftribe_events_cat&post=2124"}],"curies":[{"name":"wp","href":"https:\/\/api.w.org\/{rel}","templated":true}]}}

Kallelse till årsmöte!

<p>Härmed kallas Iktyosföreningens medlemmar till<br />
årsmöte lördagen den 23 maj 2026.<br />
<strong>Vi återkommer med klockslag för mötet.</strong><br />
Plats: Backagården Kurs och Konferenscenter,<br />
Stenskogen 735, 243 91 Höör.<br />
Deltagarkompendium med årsmöteshandlingar<br />
mailas till de medlemmar som anmält deltagande</p>
<p>på föreningshelgen.</p>
<p>Det går självklart bra att delta digitalt för er som<br />
inte har möjlighet att närvara på plats.</p>
<p>Välkommna!</p>

<p>Härmed kallas Iktyosföreningens medlemmar till årsmöte lördagen den 23 maj 2026. Vi återkommer med klockslag för mötet. Plats: Backagården Kurs och Konferenscenter, Stenskogen 735, 243 91 Höör. Deltagarkompendium med årsmöteshandlingar mailas till de medlemmar som anmält deltagande på föreningshelgen. Det <span class="excerpt-dots">&hellip;</span> <a class="more-link" href="https://iktyos.se/?tribe_events=kallelse-till-arsmote"><span class="more-msg">Läs mer &rarr;</span></a></p>

Iktyosföreningen

Härmed kallas Iktyosföreningens medlemmar till årsmöte lördagen den 23 maj 2026. Vi återkommer med klockslag för mötet. Plats: Backagården Kurs och Konferenscenter, Stenskogen 735, 243 91 Höör. Deltagarkompendium med årsmöteshandlingar mailas till de medlemmar som anmält deltagande på föreningshelgen. Det &hellip; Läs mer &rarr;
