{"id":2108,"date":"2026-03-13T08:00:38","date_gmt":"2026-03-13T08:00:38","guid":{"rendered":"https:\/\/iktyos.se\/?post_type=tribe_events&#038;p=2108"},"modified":"2026-03-13T13:43:34","modified_gmt":"2026-03-13T13:43:34","slug":"foreningshelgen-2026-i-hoor","status":"publish","type":"tribe_events","link":"https:\/\/iktyos.se\/?tribe_events=foreningshelgen-2026-i-hoor","title":{"rendered":"V\u00e4lkommen till f\u00f6reningshelgen 2026!"},"content":{"rendered":"<p>Vi har gl\u00e4djen att bjuda in dig till v\u00e5r \u00e5rliga f\u00f6reningshelg som i \u00e5r kommer att h\u00e5l-<br \/>\nlas p\u00e5 Backag\u00e5rden i H\u00f6\u00f6r, helgen den 22\u201324 maj 2026. Den blir ett tillf\u00e4lle f\u00f6r<\/p>\n<p>gl\u00e4dje, gemenskap och erfarenhetsutbyte i en lugn och naturn\u00e4ra milj\u00f6. Under hel-<br \/>\ngen kommer \u00e4ven f\u00f6reningens \u00e5rsm\u00f6te att h\u00e5llas, d\u00e4r vi tillsammans summerar \u00e5ret som g\u00e5tt och blickar fram\u00e5t.<br \/>\nAnm\u00e4lan\/deltagaravgiften ska vara f\u00f6reningen <strong>tillhanda senast m\u00e5ndag den 6 april 2026<\/strong><\/p>\n<p>Mer information hittar du p\u00e5 <a href=\"https:\/\/iktyos.se\/?page_id=2130\" target=\"_blank\" rel=\"noopener\">hemsidan<\/a> eller i Iktyostidningen<\/p>\n<p>&nbsp;<\/p>\n","protected":false},"excerpt":{"rendered":"<p>Vi har gl\u00e4djen att bjuda in dig till v\u00e5r \u00e5rliga f\u00f6reningshelg som i \u00e5r kommer att h\u00e5l- las p\u00e5 Backag\u00e5rden i H\u00f6\u00f6r, helgen den 22\u201324 maj 2026. Den blir ett tillf\u00e4lle f\u00f6r gl\u00e4dje, gemenskap och erfarenhetsutbyte i en lugn och <span class=\"excerpt-dots\">&hellip;<\/span> <a class=\"more-link\" href=\"https:\/\/iktyos.se\/?tribe_events=foreningshelgen-2026-i-hoor\"><span class=\"more-msg\">L\u00e4s mer &rarr;<\/span><\/a><\/p>\n","protected":false},"author":1,"featured_media":0,"template":"","meta":{"_uag_custom_page_level_css":"","_tribe_events_status":"","_tribe_events_status_reason":"","footnotes":""},"tags":[44,63,64],"tribe_events_cat":[13,15],"class_list":["post-2108","tribe_events","type-tribe_events","status-publish","hentry","tag-44","tag-foreningshelg","tag-hoor","tribe_events_cat-arsmote","tribe_events_cat-medlemstraff","cat_arsmote","cat_medlemstraff"],"uagb_featured_image_src":{"full":false,"thumbnail":false,"medium":false,"medium_large":false,"large":false,"1536x1536":false,"2048x2048":false},"uagb_author_info":{"display_name":"Iktyosf\u00f6reningen","author_link":"https:\/\/iktyos.se\/?author=1"},"uagb_comment_info":0,"uagb_excerpt":"Vi har gl\u00e4djen att bjuda in dig till v\u00e5r \u00e5rliga f\u00f6reningshelg som i \u00e5r kommer att h\u00e5l- las p\u00e5 Backag\u00e5rden i H\u00f6\u00f6r, helgen den 22\u201324 maj 2026. Den blir ett tillf\u00e4lle f\u00f6r gl\u00e4dje, gemenskap och erfarenhetsutbyte i en lugn och &hellip; L\u00e4s mer &rarr;","_links":{"self":[{"href":"https:\/\/iktyos.se\/index.php?rest_route=\/wp\/v2\/tribe_events\/2108","targetHints":{"allow":["GET"]}}],"collection":[{"href":"https:\/\/iktyos.se\/index.php?rest_route=\/wp\/v2\/tribe_events"}],"about":[{"href":"https:\/\/iktyos.se\/index.php?rest_route=\/wp\/v2\/types\/tribe_events"}],"author":[{"embeddable":true,"href":"https:\/\/iktyos.se\/index.php?rest_route=\/wp\/v2\/users\/1"}],"version-history":[{"count":7,"href":"https:\/\/iktyos.se\/index.php?rest_route=\/wp\/v2\/tribe_events\/2108\/revisions"}],"predecessor-version":[{"id":2159,"href":"https:\/\/iktyos.se\/index.php?rest_route=\/wp\/v2\/tribe_events\/2108\/revisions\/2159"}],"wp:attachment":[{"href":"https:\/\/iktyos.se\/index.php?rest_route=%2Fwp%2Fv2%2Fmedia&parent=2108"}],"wp:term":[{"taxonomy":"post_tag","embeddable":true,"href":"https:\/\/iktyos.se\/index.php?rest_route=%2Fwp%2Fv2%2Ftags&post=2108"},{"taxonomy":"tribe_events_cat","embeddable":true,"href":"https:\/\/iktyos.se\/index.php?rest_route=%2Fwp%2Fv2%2Ftribe_events_cat&post=2108"}],"curies":[{"name":"wp","href":"https:\/\/api.w.org\/{rel}","templated":true}]}}

Välkommen till föreningshelgen 2026!

<p>Vi har glädjen att bjuda in dig till vår årliga föreningshelg som i år kommer att hål-<br />
las på Backagården i Höör, helgen den 22–24 maj 2026. Den blir ett tillfälle för</p>
<p>glädje, gemenskap och erfarenhetsutbyte i en lugn och naturnära miljö. Under hel-<br />
gen kommer även föreningens årsmöte att hållas, där vi tillsammans summerar året som gått och blickar framåt.<br />
Anmälan/deltagaravgiften ska vara föreningen <strong>tillhanda senast måndag den 6 april 2026</strong></p>
<p>Mer information hittar du på <a href="https://iktyos.se/?page_id=2130" target="_blank" rel="noopener">hemsidan</a> eller i Iktyostidningen</p>
<p>&nbsp;</p>

<p>Vi har glädjen att bjuda in dig till vår årliga föreningshelg som i år kommer att hål- las på Backagården i Höör, helgen den 22–24 maj 2026. Den blir ett tillfälle för glädje, gemenskap och erfarenhetsutbyte i en lugn och <span class="excerpt-dots">&hellip;</span> <a class="more-link" href="https://iktyos.se/?tribe_events=foreningshelgen-2026-i-hoor"><span class="more-msg">Läs mer &rarr;</span></a></p>

Iktyosföreningen

Vi har glädjen att bjuda in dig till vår årliga föreningshelg som i år kommer att hål- las på Backagården i Höör, helgen den 22–24 maj 2026. Den blir ett tillfälle för glädje, gemenskap och erfarenhetsutbyte i en lugn och &hellip; Läs mer &rarr;
