{"id":2100,"date":"2026-03-11T08:46:01","date_gmt":"2026-03-11T08:46:01","guid":{"rendered":"https:\/\/iktyos.se\/?post_type=tribe_events&#038;p=2100"},"modified":"2026-03-11T08:46:01","modified_gmt":"2026-03-11T08:46:01","slug":"arsmote-och-medlemstraff-region-1","status":"publish","type":"tribe_events","link":"https:\/\/iktyos.se\/?tribe_events=arsmote-och-medlemstraff-region-1","title":{"rendered":"\u00c5rsm\u00f6te och medlemstr\u00e4ff Region 1"},"content":{"rendered":"<p>Region 1 kallar till \u00e5rsm\u00f6te och anordnar medlemstr\u00e4ff p\u00e5 J\u00e4rnv\u00e4gsmuseet i \u00c4ngelholm, s\u00f6ndagen den 26\/4 kl 11.<\/p>\n<p>F\u00f6r information och anm\u00e4lan, kontakta Malin G\u00e5nemo Nilsson, 073-339 47 46<\/p>\n","protected":false},"excerpt":{"rendered":"<p>Region 1 kallar till \u00e5rsm\u00f6te och anordnar medlemstr\u00e4ff p\u00e5 J\u00e4rnv\u00e4gsmuseet i \u00c4ngelholm, s\u00f6ndagen den 26\/4 kl 11. F\u00f6r information och anm\u00e4lan, kontakta Malin G\u00e5nemo Nilsson, 073-339 47 46<\/p>\n <a class=\"more-link\" href=\"https:\/\/iktyos.se\/?tribe_events=arsmote-och-medlemstraff-region-1\"><span class=\"more-msg\">L\u00e4s mer &rarr;<\/span><\/a>","protected":false},"author":1,"featured_media":0,"template":"","meta":{"_uag_custom_page_level_css":"","_tribe_events_status":"","_tribe_events_status_reason":"","footnotes":""},"tags":[44,61],"tribe_events_cat":[13,15,14],"class_list":["post-2100","tribe_events","type-tribe_events","status-publish","hentry","tag-44","tag-angelholm","tribe_events_cat-arsmote","tribe_events_cat-medlemstraff","tribe_events_cat-region","cat_arsmote","cat_medlemstraff","cat_region"],"uagb_featured_image_src":{"full":false,"thumbnail":false,"medium":false,"medium_large":false,"large":false,"1536x1536":false,"2048x2048":false},"uagb_author_info":{"display_name":"Iktyosf\u00f6reningen","author_link":"https:\/\/iktyos.se\/?author=1"},"uagb_comment_info":0,"uagb_excerpt":"Region 1 kallar till \u00e5rsm\u00f6te och anordnar medlemstr\u00e4ff p\u00e5 J\u00e4rnv\u00e4gsmuseet i \u00c4ngelholm, s\u00f6ndagen den 26\/4 kl 11. F\u00f6r information och anm\u00e4lan, kontakta Malin G\u00e5nemo Nilsson, 073-339 47 46","_links":{"self":[{"href":"https:\/\/iktyos.se\/index.php?rest_route=\/wp\/v2\/tribe_events\/2100","targetHints":{"allow":["GET"]}}],"collection":[{"href":"https:\/\/iktyos.se\/index.php?rest_route=\/wp\/v2\/tribe_events"}],"about":[{"href":"https:\/\/iktyos.se\/index.php?rest_route=\/wp\/v2\/types\/tribe_events"}],"author":[{"embeddable":true,"href":"https:\/\/iktyos.se\/index.php?rest_route=\/wp\/v2\/users\/1"}],"version-history":[{"count":1,"href":"https:\/\/iktyos.se\/index.php?rest_route=\/wp\/v2\/tribe_events\/2100\/revisions"}],"predecessor-version":[{"id":2102,"href":"https:\/\/iktyos.se\/index.php?rest_route=\/wp\/v2\/tribe_events\/2100\/revisions\/2102"}],"wp:attachment":[{"href":"https:\/\/iktyos.se\/index.php?rest_route=%2Fwp%2Fv2%2Fmedia&parent=2100"}],"wp:term":[{"taxonomy":"post_tag","embeddable":true,"href":"https:\/\/iktyos.se\/index.php?rest_route=%2Fwp%2Fv2%2Ftags&post=2100"},{"taxonomy":"tribe_events_cat","embeddable":true,"href":"https:\/\/iktyos.se\/index.php?rest_route=%2Fwp%2Fv2%2Ftribe_events_cat&post=2100"}],"curies":[{"name":"wp","href":"https:\/\/api.w.org\/{rel}","templated":true}]}}

Årsmöte och medlemsträff Region 1

<p>Region 1 kallar till årsmöte och anordnar medlemsträff på Järnvägsmuseet i Ängelholm, söndagen den 26/4 kl 11.</p>
<p>För information och anmälan, kontakta Malin Gånemo Nilsson, 073-339 47 46</p>

<p>Region 1 kallar till årsmöte och anordnar medlemsträff på Järnvägsmuseet i Ängelholm, söndagen den 26/4 kl 11. För information och anmälan, kontakta Malin Gånemo Nilsson, 073-339 47 46</p>
 <a class="more-link" href="https://iktyos.se/?tribe_events=arsmote-och-medlemstraff-region-1"><span class="more-msg">Läs mer &rarr;</span></a>

Iktyosföreningen

Region 1 kallar till årsmöte och anordnar medlemsträff på Järnvägsmuseet i Ängelholm, söndagen den 26/4 kl 11. För information och anmälan, kontakta Malin Gånemo Nilsson, 073-339 47 46
