{"id":2093,"date":"2026-03-11T08:24:45","date_gmt":"2026-03-11T08:24:45","guid":{"rendered":"https:\/\/iktyos.se\/?post_type=tribe_events&#038;p=2093"},"modified":"2026-03-11T08:25:20","modified_gmt":"2026-03-11T08:25:20","slug":"2093","status":"publish","type":"tribe_events","link":"https:\/\/iktyos.se\/?tribe_events=2093","title":{"rendered":"V\u00e4lkomna till nationell s\u00e4llsynt f\u00f6r\u00e4ldragrupp"},"content":{"rendered":"<h3 style=\"text-align: center;\">Varmt v\u00e4lkommen till den nationella digitala f\u00f6r\u00e4ldragruppen f\u00f6r f\u00f6r\u00e4ldrar som har barn med ett s\u00e4llsynt h\u00e4lsotillst\u00e5nd.<\/h3>\n<p style=\"text-align: center;\"><strong><a href=\"https:\/\/snaph.se\/\" target=\"_blank\" rel=\"noopener\">SNAPH.SE<\/a><\/strong><\/p>\n<p><strong>Centrum F\u00f6r s\u00e4llsynta diagnoser (CSD)<\/strong> i Samverkan med Sveriges kommunala anh\u00f6rigsn\u00e4tverk (SKA) och Nka st\u00e5r bakom detta initiativ.<\/p>\n<p>Har du ett barn med ett s\u00e4llsynt h\u00e4lsotillst\u00e5nd under 18 \u00e5r och \u00f6nskar tr\u00e4ffa andra i liknande situation \u00e4r du varmt v\u00e4lkommen att anm\u00e4la dig. F\u00f6r\u00e4ldragruppen \u00e4r ett tillf\u00e4lle f\u00f6r dig att ta upp fr\u00e5gor och reflektera tillsammans med andra f\u00f6r\u00e4ldrar i liknande situation.<\/p>\n<p style=\"text-align: center;\">Datum och tider under v\u00e5ren 2026:<\/p>\n<p style=\"text-align: center;\">Varje tillf\u00e4lle kl.13-15<\/p>\n<p style=\"text-align: center;\">11, 25 mars<\/p>\n<p style=\"text-align: center;\">8, 22 april<\/p>\n<p style=\"text-align: center;\">6, 20 maj<\/p>\n","protected":false},"excerpt":{"rendered":"<p>Varmt v\u00e4lkommen till den nationella digitala f\u00f6r\u00e4ldragruppen f\u00f6r f\u00f6r\u00e4ldrar som har barn med ett s\u00e4llsynt h\u00e4lsotillst\u00e5nd. SNAPH.SE Centrum F\u00f6r s\u00e4llsynta diagnoser (CSD) i Samverkan med Sveriges kommunala anh\u00f6rigsn\u00e4tverk (SKA) och Nka st\u00e5r bakom detta initiativ. Har du ett barn med <span class=\"excerpt-dots\">&hellip;<\/span> <a class=\"more-link\" href=\"https:\/\/iktyos.se\/?tribe_events=2093\"><span class=\"more-msg\">L\u00e4s mer &rarr;<\/span><\/a><\/p>\n","protected":false},"author":1,"featured_media":0,"template":"","meta":{"_uag_custom_page_level_css":"","_tribe_events_status":"","_tribe_events_status_reason":"","footnotes":""},"tags":[44,46,31,30],"tribe_events_cat":[22,29],"class_list":["post-2093","tribe_events","type-tribe_events","status-publish","hentry","tag-44","tag-csd","tag-nationell-foraldragrupp","tag-snaph","tribe_events_cat-centrum-for-sallsynta-diagnoser","tribe_events_cat-stockholms-natverk-aktion-psykiskhals","cat_centrum-for-sallsynta-diagnoser","cat_stockholms-natverk-aktion-psykiskhals"],"uagb_featured_image_src":{"full":false,"thumbnail":false,"medium":false,"medium_large":false,"large":false,"1536x1536":false,"2048x2048":false},"uagb_author_info":{"display_name":"Iktyosf\u00f6reningen","author_link":"https:\/\/iktyos.se\/?author=1"},"uagb_comment_info":0,"uagb_excerpt":"Varmt v\u00e4lkommen till den nationella digitala f\u00f6r\u00e4ldragruppen f\u00f6r f\u00f6r\u00e4ldrar som har barn med ett s\u00e4llsynt h\u00e4lsotillst\u00e5nd. SNAPH.SE Centrum F\u00f6r s\u00e4llsynta diagnoser (CSD) i Samverkan med Sveriges kommunala anh\u00f6rigsn\u00e4tverk (SKA) och Nka st\u00e5r bakom detta initiativ. Har du ett barn med &hellip; L\u00e4s mer &rarr;","_links":{"self":[{"href":"https:\/\/iktyos.se\/index.php?rest_route=\/wp\/v2\/tribe_events\/2093","targetHints":{"allow":["GET"]}}],"collection":[{"href":"https:\/\/iktyos.se\/index.php?rest_route=\/wp\/v2\/tribe_events"}],"about":[{"href":"https:\/\/iktyos.se\/index.php?rest_route=\/wp\/v2\/types\/tribe_events"}],"author":[{"embeddable":true,"href":"https:\/\/iktyos.se\/index.php?rest_route=\/wp\/v2\/users\/1"}],"version-history":[{"count":2,"href":"https:\/\/iktyos.se\/index.php?rest_route=\/wp\/v2\/tribe_events\/2093\/revisions"}],"predecessor-version":[{"id":2095,"href":"https:\/\/iktyos.se\/index.php?rest_route=\/wp\/v2\/tribe_events\/2093\/revisions\/2095"}],"wp:attachment":[{"href":"https:\/\/iktyos.se\/index.php?rest_route=%2Fwp%2Fv2%2Fmedia&parent=2093"}],"wp:term":[{"taxonomy":"post_tag","embeddable":true,"href":"https:\/\/iktyos.se\/index.php?rest_route=%2Fwp%2Fv2%2Ftags&post=2093"},{"taxonomy":"tribe_events_cat","embeddable":true,"href":"https:\/\/iktyos.se\/index.php?rest_route=%2Fwp%2Fv2%2Ftribe_events_cat&post=2093"}],"curies":[{"name":"wp","href":"https:\/\/api.w.org\/{rel}","templated":true}]}}

Välkomna till nationell sällsynt föräldragrupp

<h3 style="text-align: center;">Varmt välkommen till den nationella digitala föräldragruppen för föräldrar som har barn med ett sällsynt hälsotillstånd.</h3>
<p style="text-align: center;"><strong><a href="https://snaph.se/" target="_blank" rel="noopener">SNAPH.SE</a></strong></p>
<p><strong>Centrum För sällsynta diagnoser (CSD)</strong> i Samverkan med Sveriges kommunala anhörigsnätverk (SKA) och Nka står bakom detta initiativ.</p>
<p>Har du ett barn med ett sällsynt hälsotillstånd under 18 år och önskar träffa andra i liknande situation är du varmt välkommen att anmäla dig. Föräldragruppen är ett tillfälle för dig att ta upp frågor och reflektera tillsammans med andra föräldrar i liknande situation.</p>
<p style="text-align: center;">Datum och tider under våren 2026:</p>
<p style="text-align: center;">Varje tillfälle kl.13-15</p>
<p style="text-align: center;">11, 25 mars</p>
<p style="text-align: center;">8, 22 april</p>
<p style="text-align: center;">6, 20 maj</p>

<p>Varmt välkommen till den nationella digitala föräldragruppen för föräldrar som har barn med ett sällsynt hälsotillstånd. SNAPH.SE Centrum För sällsynta diagnoser (CSD) i Samverkan med Sveriges kommunala anhörigsnätverk (SKA) och Nka står bakom detta initiativ. Har du ett barn med <span class="excerpt-dots">&hellip;</span> <a class="more-link" href="https://iktyos.se/?tribe_events=2093"><span class="more-msg">Läs mer &rarr;</span></a></p>

Iktyosföreningen

Varmt välkommen till den nationella digitala föräldragruppen för föräldrar som har barn med ett sällsynt hälsotillstånd. SNAPH.SE Centrum För sällsynta diagnoser (CSD) i Samverkan med Sveriges kommunala anhörigsnätverk (SKA) och Nka står bakom detta initiativ. Har du ett barn med &hellip; Läs mer &rarr;
