{"id":2085,"date":"2026-03-11T08:13:02","date_gmt":"2026-03-11T08:13:02","guid":{"rendered":"https:\/\/iktyos.se\/?post_type=tribe_events&#038;p=2085"},"modified":"2026-03-11T08:13:02","modified_gmt":"2026-03-11T08:13:02","slug":"csd-syd-inbjuder-till-foraldratraff-i-lund","status":"publish","type":"tribe_events","link":"https:\/\/iktyos.se\/?tribe_events=csd-syd-inbjuder-till-foraldratraff-i-lund","title":{"rendered":"CSD Syd inbjuder till f\u00f6r\u00e4ldratr\u00e4ff i Lund"},"content":{"rendered":"<p>Regionala f\u00f6r\u00e4ldratr\u00e4ffar 4 och 18 maj 2026<br \/>\nF\u00f6r\u00e4ldratr\u00e4ff vid s\u00e4llsynt diagnos<\/p>\n<p>Har du ett barn under 18 \u00e5r med en s\u00e4llsynt diagnos och \u00f6nskar tr\u00e4ffa<br \/>\nandra i liknande situation?<br \/>\nD\u00e5 \u00e4r du varmt v\u00e4lkommen att anm\u00e4la dig till f\u00f6r\u00e4ldratr\u00e4ffarna, d\u00e4r det<br \/>\nges m\u00f6jlighet att ta upp fr\u00e5gor och reflektera tillsammans med andra<br \/>\nf\u00f6r\u00e4ldrar till barn med s\u00e4llsynta diagnoser. Vi ses i Lund vid tv\u00e5<br \/>\ntillf\u00e4llen under v\u00e5ren och delar erfarenheter och pratar om vardagens<br \/>\nfr\u00e5gor och framtidens funderingar. Tr\u00e4ffarna sker utan barn och i mindre<br \/>\ngrupper, som leds av erfarna samtalsledare som ger st\u00f6d och v\u00e4gledning.<\/p>\n<p>N\u00e4r:<br \/>\nF\u00f6rsta tr\u00e4ffen \u00e4r 4 maj 2026, kl 13-16<br \/>\nAndra tr\u00e4ffen \u00e4r 18 maj 2026, kl 13-16<\/p>\n<p>Var:<br \/>\nSjukhusbiblioteket, v\u00e5ning 1, ing\u00e5ng via Blockets entr\u00e9hall, Entr\u00e9gatan<br \/>\n7 i Lund<br \/>\nAnm\u00e4lan med en kort beskrivning av er familj g\u00f6rs p\u00e5\u00a0<a href=\"mailto:csd@skane.se\" target=\"_blank\" rel=\"noopener\">csd@skane.se<\/a><\/p>\n<p>Vi bjuder p\u00e5 fika, ange eventuella allergier i samband med din anm\u00e4lan!<br \/>\nSista anm\u00e4lningsdag \u00e4r 20 april och antalet platser \u00e4r begr\u00e4nsade!<\/p>\n<p>Varmt v\u00e4lkommen!<\/p>\n<p>Charlotte, Cecilia och Kajsa p\u00e5 CSD Syd<\/p>\n","protected":false},"excerpt":{"rendered":"<p>Regionala f\u00f6r\u00e4ldratr\u00e4ffar 4 och 18 maj 2026 F\u00f6r\u00e4ldratr\u00e4ff vid s\u00e4llsynt diagnos Har du ett barn under 18 \u00e5r med en s\u00e4llsynt diagnos och \u00f6nskar tr\u00e4ffa andra i liknande situation? D\u00e5 \u00e4r du varmt v\u00e4lkommen att anm\u00e4la dig till f\u00f6r\u00e4ldratr\u00e4ffarna, d\u00e4r <span class=\"excerpt-dots\">&hellip;<\/span> <a class=\"more-link\" href=\"https:\/\/iktyos.se\/?tribe_events=csd-syd-inbjuder-till-foraldratraff-i-lund\"><span class=\"more-msg\">L\u00e4s mer &rarr;<\/span><\/a><\/p>\n","protected":false},"author":1,"featured_media":0,"template":"","meta":{"_uag_custom_page_level_css":"","_tribe_events_status":"","_tribe_events_status_reason":"","footnotes":""},"tags":[44,46,60],"tribe_events_cat":[22,49],"class_list":["post-2085","tribe_events","type-tribe_events","status-publish","hentry","tag-44","tag-csd","tag-lund","tribe_events_cat-centrum-for-sallsynta-diagnoser","tribe_events_cat-syd","cat_centrum-for-sallsynta-diagnoser","cat_syd"],"uagb_featured_image_src":{"full":false,"thumbnail":false,"medium":false,"medium_large":false,"large":false,"1536x1536":false,"2048x2048":false},"uagb_author_info":{"display_name":"Iktyosf\u00f6reningen","author_link":"https:\/\/iktyos.se\/?author=1"},"uagb_comment_info":0,"uagb_excerpt":"Regionala f\u00f6r\u00e4ldratr\u00e4ffar 4 och 18 maj 2026 F\u00f6r\u00e4ldratr\u00e4ff vid s\u00e4llsynt diagnos Har du ett barn under 18 \u00e5r med en s\u00e4llsynt diagnos och \u00f6nskar tr\u00e4ffa andra i liknande situation? D\u00e5 \u00e4r du varmt v\u00e4lkommen att anm\u00e4la dig till f\u00f6r\u00e4ldratr\u00e4ffarna, d\u00e4r &hellip; L\u00e4s mer &rarr;","_links":{"self":[{"href":"https:\/\/iktyos.se\/index.php?rest_route=\/wp\/v2\/tribe_events\/2085","targetHints":{"allow":["GET"]}}],"collection":[{"href":"https:\/\/iktyos.se\/index.php?rest_route=\/wp\/v2\/tribe_events"}],"about":[{"href":"https:\/\/iktyos.se\/index.php?rest_route=\/wp\/v2\/types\/tribe_events"}],"author":[{"embeddable":true,"href":"https:\/\/iktyos.se\/index.php?rest_route=\/wp\/v2\/users\/1"}],"version-history":[{"count":1,"href":"https:\/\/iktyos.se\/index.php?rest_route=\/wp\/v2\/tribe_events\/2085\/revisions"}],"predecessor-version":[{"id":2087,"href":"https:\/\/iktyos.se\/index.php?rest_route=\/wp\/v2\/tribe_events\/2085\/revisions\/2087"}],"wp:attachment":[{"href":"https:\/\/iktyos.se\/index.php?rest_route=%2Fwp%2Fv2%2Fmedia&parent=2085"}],"wp:term":[{"taxonomy":"post_tag","embeddable":true,"href":"https:\/\/iktyos.se\/index.php?rest_route=%2Fwp%2Fv2%2Ftags&post=2085"},{"taxonomy":"tribe_events_cat","embeddable":true,"href":"https:\/\/iktyos.se\/index.php?rest_route=%2Fwp%2Fv2%2Ftribe_events_cat&post=2085"}],"curies":[{"name":"wp","href":"https:\/\/api.w.org\/{rel}","templated":true}]}}

CSD Syd inbjuder till föräldraträff i Lund

<p>Regionala föräldraträffar 4 och 18 maj 2026<br />
Föräldraträff vid sällsynt diagnos</p>
<p>Har du ett barn under 18 år med en sällsynt diagnos och önskar träffa<br />
andra i liknande situation?<br />
Då är du varmt välkommen att anmäla dig till föräldraträffarna, där det<br />
ges möjlighet att ta upp frågor och reflektera tillsammans med andra<br />
föräldrar till barn med sällsynta diagnoser. Vi ses i Lund vid två<br />
tillfällen under våren och delar erfarenheter och pratar om vardagens<br />
frågor och framtidens funderingar. Träffarna sker utan barn och i mindre<br />
grupper, som leds av erfarna samtalsledare som ger stöd och vägledning.</p>
<p>När:<br />
Första träffen är 4 maj 2026, kl 13-16<br />
Andra träffen är 18 maj 2026, kl 13-16</p>
<p>Var:<br />
Sjukhusbiblioteket, våning 1, ingång via Blockets entréhall, Entrégatan<br />
7 i Lund<br />
Anmälan med en kort beskrivning av er familj görs på <a href="mailto:csd@skane.se" target="_blank" rel="noopener">csd@skane.se</a></p>
<p>Vi bjuder på fika, ange eventuella allergier i samband med din anmälan!<br />
Sista anmälningsdag är 20 april och antalet platser är begränsade!</p>
<p>Varmt välkommen!</p>
<p>Charlotte, Cecilia och Kajsa på CSD Syd</p>

<p>Regionala föräldraträffar 4 och 18 maj 2026 Föräldraträff vid sällsynt diagnos Har du ett barn under 18 år med en sällsynt diagnos och önskar träffa andra i liknande situation? Då är du varmt välkommen att anmäla dig till föräldraträffarna, där <span class="excerpt-dots">&hellip;</span> <a class="more-link" href="https://iktyos.se/?tribe_events=csd-syd-inbjuder-till-foraldratraff-i-lund"><span class="more-msg">Läs mer &rarr;</span></a></p>

Iktyosföreningen

Regionala föräldraträffar 4 och 18 maj 2026 Föräldraträff vid sällsynt diagnos Har du ett barn under 18 år med en sällsynt diagnos och önskar träffa andra i liknande situation? Då är du varmt välkommen att anmäla dig till föräldraträffarna, där &hellip; Läs mer &rarr;
