{"id":882,"date":"2025-11-10T22:30:38","date_gmt":"2025-11-10T22:30:38","guid":{"rendered":"https:\/\/test.iktyos.se\/?page_id=882"},"modified":"2026-01-23T10:16:04","modified_gmt":"2026-01-23T10:16:04","slug":"nyfoddhetsjouren","status":"publish","type":"page","link":"https:\/\/iktyos.se\/?page_id=882","title":{"rendered":"Nyf\u00f6ddhetsjouren"},"content":{"rendered":"\n<h3 class=\"wp-block-heading\">Nyf\u00f6ddhetsjouren<\/h3>\n\n\n\n<h3 class=\"wp-block-heading\">Trygg start &#8211; st\u00f6dlinje f\u00f6r Iktyos.<\/h3>\n\n\n\n<p>Hit kan du ringa n\u00e4r du just f\u00e5tt ett barn med Iktyos &#8211; eller sj\u00e4lv nyligen f\u00e5tt diagnos. H\u00e4r m\u00f6ter du n\u00e5gon med egen erfarenhet av iktyos som lyssnar, svarar p\u00e5 fr\u00e5gor och ger r\u00e5d om hur man kan hantera vardagen, v\u00e5rden och k\u00e4nslorna som kan komma i b\u00f6rjan.<br>Du kommer att bli erbjuden att f\u00e5 kontakt med n\u00e5gon som har samma form av iktyos, samt med n\u00e5gon som har iktyos och bor i din n\u00e4rhet.<\/p>\n\n\n\n<p><strong>Du \u00e4r inte ensam. Vi hj\u00e4lper dig att hitta trygghet och svar i b\u00f6rjan av en ny verklighet.<\/strong><\/p>\n\n\n\n<p>Kontaktuppgifter: 073-302 73 25<\/p>\n\n\n\n<p><\/p>\n","protected":false},"excerpt":{"rendered":"<p>Nyf\u00f6ddhetsjouren Trygg start &#8211; st\u00f6dlinje f\u00f6r Iktyos. Hit kan du ringa n\u00e4r du just f\u00e5tt ett barn med Iktyos &#8211; eller sj\u00e4lv nyligen f\u00e5tt diagnos. H\u00e4r m\u00f6ter du n\u00e5gon med egen erfarenhet av iktyos som lyssnar, svarar p\u00e5 fr\u00e5gor och <span class=\"excerpt-dots\">&hellip;<\/span> <a class=\"more-link\" href=\"https:\/\/iktyos.se\/?page_id=882\"><span class=\"more-msg\">L\u00e4s mer &rarr;<\/span><\/a><\/p>\n","protected":false},"author":1,"featured_media":0,"parent":2,"menu_order":5,"comment_status":"closed","ping_status":"closed","template":"","meta":{"_uag_custom_page_level_css":"","footnotes":""},"class_list":["post-882","page","type-page","status-publish","hentry"],"uagb_featured_image_src":{"full":false,"thumbnail":false,"medium":false,"medium_large":false,"large":false,"1536x1536":false,"2048x2048":false},"uagb_author_info":{"display_name":"Iktyosf\u00f6reningen","author_link":"https:\/\/iktyos.se\/?author=1"},"uagb_comment_info":0,"uagb_excerpt":"Nyf\u00f6ddhetsjouren Trygg start &#8211; st\u00f6dlinje f\u00f6r Iktyos. Hit kan du ringa n\u00e4r du just f\u00e5tt ett barn med Iktyos &#8211; eller sj\u00e4lv nyligen f\u00e5tt diagnos. H\u00e4r m\u00f6ter du n\u00e5gon med egen erfarenhet av iktyos som lyssnar, svarar p\u00e5 fr\u00e5gor och &hellip; L\u00e4s mer &rarr;","_links":{"self":[{"href":"https:\/\/iktyos.se\/index.php?rest_route=\/wp\/v2\/pages\/882","targetHints":{"allow":["GET"]}}],"collection":[{"href":"https:\/\/iktyos.se\/index.php?rest_route=\/wp\/v2\/pages"}],"about":[{"href":"https:\/\/iktyos.se\/index.php?rest_route=\/wp\/v2\/types\/page"}],"author":[{"embeddable":true,"href":"https:\/\/iktyos.se\/index.php?rest_route=\/wp\/v2\/users\/1"}],"replies":[{"embeddable":true,"href":"https:\/\/iktyos.se\/index.php?rest_route=%2Fwp%2Fv2%2Fcomments&post=882"}],"version-history":[{"count":9,"href":"https:\/\/iktyos.se\/index.php?rest_route=\/wp\/v2\/pages\/882\/revisions"}],"predecessor-version":[{"id":1837,"href":"https:\/\/iktyos.se\/index.php?rest_route=\/wp\/v2\/pages\/882\/revisions\/1837"}],"up":[{"embeddable":true,"href":"https:\/\/iktyos.se\/index.php?rest_route=\/wp\/v2\/pages\/2"}],"wp:attachment":[{"href":"https:\/\/iktyos.se\/index.php?rest_route=%2Fwp%2Fv2%2Fmedia&parent=882"}],"curies":[{"name":"wp","href":"https:\/\/api.w.org\/{rel}","templated":true}]}}