{"id":42,"date":"2025-06-09T15:15:25","date_gmt":"2025-06-09T15:15:25","guid":{"rendered":"https:\/\/test.iktyos.se\/?page_id=42"},"modified":"2026-01-13T08:49:22","modified_gmt":"2026-01-13T08:49:22","slug":"gdpr","status":"publish","type":"page","link":"https:\/\/iktyos.se\/?page_id=42","title":{"rendered":"GDPR"},"content":{"rendered":"\n<h3 class=\"wp-block-heading has-text-align-left\"><strong><strong>Information om Iktyosf\u00f6reninge<\/strong><\/strong>ns behandling av medlemmars uppgifter<\/h3>\n\n\n\n<p class=\"has-text-align-left\"><strong>Iktyosf\u00f6reningen\u00a0<\/strong>behandlar personuppgifter i enlighet med svensk lag. N\u00e4r du f\u00e5r dina personuppgifter registrerade eller p\u00e5 annat s\u00e4tt behandlade har du r\u00e4tt till viss information som vi h\u00e4r igenom tillhandah\u00e5ller dig.<br><\/p>\n\n\n\n<h4 class=\"wp-block-heading\"><strong><strong><strong>Personuppgiftsansvarig och vilka uppgifter som behandlas<\/strong><\/strong><\/strong><\/h4>\n\n\n\n<p>Iktyosf\u00f6reningen \u00e4r personuppgiftsansvarig f\u00f6r behandlingen av dina personuppgifter. Du kan alltid komma i kontakt med oss p\u00e5 info@iktyos.se.<br>Medlemskapet i Iktyosf\u00f6reningen \u00e4r frivilligt och det \u00e4r \u00e4ven l\u00e4mnandet av dina personuppgifter men Iktyosf\u00f6reningen beh\u00f6ver tillg\u00e5ng till och till\u00e5telse att behandla vissa personuppgifter om dig f\u00f6r att du ska kunna vara medlem.\u00a0<\/p>\n\n\n\n<p>Som medlem kommer&nbsp;dina personuppgifter att sparas och behandlas f\u00f6r vissa s\u00e4rskilda \u00e4ndam\u00e5l. De personuppgifter som vi samlar in och behandlar om dig \u00e4r:<\/p>\n\n\n\n<ul class=\"wp-block-list\">\n<li>Namn och f\u00f6delsedatum<\/li>\n\n\n\n<li>Adress, telefonnummer och e-post<\/li>\n<\/ul>\n\n\n\n<h4 class=\"wp-block-heading\"><strong><strong>Varf\u00f6r Iktyosf\u00f6reningen beh\u00f6ver behandla vissa personuppgifter<\/strong><\/strong><\/h4>\n\n\n\n<p>Iktyosf\u00f6reningen beh\u00f6ver behandla personuppgifterna f\u00f6r att: <br>Den personuppgiftsbehandling som utf\u00f6rs i samband med ditt medlemskap i Iktyosf\u00f6reningen \u00e4r laglig f\u00f6r att den \u00e4r n\u00f6dv\u00e4ndig f\u00f6r fullg\u00f6randet av medlemsvillkoren och f\u00f6r att Iktyosf\u00f6reningen har ett ber\u00e4ttigat intresse av att kunna behandla personuppgifterna f\u00f6r nedan angivna \u00e4ndam\u00e5l.\u00a0<br><\/p>\n\n\n\n<ul class=\"wp-block-list\">\n<li>kunna uppr\u00e4tth\u00e5lla medlemsregistret och sk\u00f6ta medlemsadministrationen,<\/li>\n\n\n\n<li>skicka ut f\u00f6reningsfakturor, nyhetsbrev, information om medlemsaktiviteter, st\u00f6dinsatser m.m.,<\/li>\n\n\n\n<li>kommunicera med medlemmar och intressenter, samt f\u00f6r<\/li>\n\n\n\n<li>statistik och rapportering till myndigheter f\u00f6r s\u00f6kande av bidrag till Iktyosf\u00f6reningen.<\/li>\n<\/ul>\n\n\n\n<p>Ditt f\u00f6delsedatum registreras eftersom det \u00e4r viktigt att Iktyosf\u00f6reningen kan s\u00e4kerst\u00e4lla medlemmarnas \u00e5lder eftersom verksamheten planeras och bedrivs f\u00f6r att tillvarata samtliga medlemmars intressen. Dina personuppgifter kan ocks\u00e5 komma att l\u00e4mnas ut till andra utvalda f\u00f6retag och organisationer som Iktyosf\u00f6reningen samarbetar med f\u00f6r n\u00f6dv\u00e4ndig behandling i samband med gemensamma aktiviteter. Vi kan exempelvis l\u00e4mna ut dina adressuppgifter till Postnord f\u00f6r utskick av medlemsnyheter m.m. Vid all hantering av dina personuppgifter iakttar vi s\u00e4kerhet och sekretess.\u00a0<br><\/p>\n\n\n\n<h4 class=\"wp-block-heading\">Hur l\u00e4nge sparas uppgifterna<\/h4>\n\n\n\n<p>Iktyosf\u00f6reningen behandlar dina\u00a0personuppgifter s\u00e5 l\u00e4nge du \u00e4r medlem hos oss. Senast ett \u00e5r efter det att ditt medlemskap upph\u00f6r raderas dina personuppgifter. Iktyosf\u00f6reningen kommer d\u00e5 endast att forts\u00e4tta lagra dem om det f\u00f6ljer n\u00e5gon s\u00e5dan skyldighet av lag eller f\u00f6reningshistoriskt intresse.<br><\/p>\n\n\n\n<h4 class=\"wp-block-heading\"><strong>Dina r\u00e4ttigheter<\/strong><\/h4>\n\n\n\n<p>Du har som medlem i Iktyosf\u00f6reningen r\u00e4tt&nbsp;till insyn i hur dina personuppgifter behandlas. Det betyder att du kan beg\u00e4ra att f\u00e5 tillg\u00e5ng till viss information om behandlingen. Du har \u00e4ven r\u00e4tt att beg\u00e4ra att f\u00e5 felaktiga personuppgifter \u00e4ndrade, \u00f6verfl\u00f6dig behandling begr\u00e4nsad och ogrundad behandling raderad.<\/p>\n\n\n\n<p>\u00d6nskar du g\u00f6ra en beg\u00e4ran om&nbsp;n\u00e5got av det n\u00e4mnda kan du kontakta oss p\u00e5 info@iktyos.se. Du har \u00e4ven r\u00e4tt att v\u00e4nda dig till Integritetsskyddsmyndigheten (IMY) med eventuella klagom\u00e5l p\u00e5 v\u00e5r personuppgiftsbehandling. IMY \u00e4r svensk tillsynsmyndighet \u00f6ver v\u00e5r hantering av dina personuppgifter. V\u00e5r f\u00f6rhoppning \u00e4r sj\u00e4lvklart att du i f\u00f6rsta hand v\u00e4nder dig till oss f\u00f6r fr\u00e5gor och funderingar kring v\u00e5r behandling av dina personuppgifter. &nbsp;<\/p>\n\n\n\n<p>Genom att godk\u00e4nna&nbsp;Iktyosf\u00f6reningens medlemsvillkor bekr\u00e4ftar du att du mottagit denna information om personuppgiftsbehandling.<\/p>\n\n\n\n<ul class=\"wp-block-list\"><\/ul>\n\n\n\n<h4 class=\"wp-block-heading\"><strong>Kontakt<\/strong><\/h4>\n\n\n\n<p>Om du har synpunkter p\u00e5 v\u00e5r behandling av dina personuppgifter eller \u00f6nskar insyn enligt ovan kan du skicka din f\u00f6rfr\u00e5gan till info@iktyos.se eller n\u00e5 oss via telefon p\u00e5 nummer 073-302 73 25.<br><br><br><\/p>\n","protected":false},"excerpt":{"rendered":"<p>Information om Iktyosf\u00f6reningens behandling av medlemmars uppgifter Iktyosf\u00f6reningen\u00a0behandlar personuppgifter i enlighet med svensk lag. N\u00e4r du f\u00e5r dina personuppgifter registrerade eller p\u00e5 annat s\u00e4tt behandlade har du r\u00e4tt till viss information som vi h\u00e4r igenom tillhandah\u00e5ller dig. Personuppgiftsansvarig och vilka <span class=\"excerpt-dots\">&hellip;<\/span> <a class=\"more-link\" href=\"https:\/\/iktyos.se\/?page_id=42\"><span class=\"more-msg\">L\u00e4s mer &rarr;<\/span><\/a><\/p>\n","protected":false},"author":1,"featured_media":0,"parent":27,"menu_order":3,"comment_status":"closed","ping_status":"closed","template":"","meta":{"_uag_custom_page_level_css":"","footnotes":""},"class_list":["post-42","page","type-page","status-publish","hentry"],"uagb_featured_image_src":{"full":false,"thumbnail":false,"medium":false,"medium_large":false,"large":false,"1536x1536":false,"2048x2048":false},"uagb_author_info":{"display_name":"Iktyosf\u00f6reningen","author_link":"https:\/\/iktyos.se\/?author=1"},"uagb_comment_info":0,"uagb_excerpt":"Information om Iktyosf\u00f6reningens behandling av medlemmars uppgifter Iktyosf\u00f6reningen\u00a0behandlar personuppgifter i enlighet med svensk lag. N\u00e4r du f\u00e5r dina personuppgifter registrerade eller p\u00e5 annat s\u00e4tt behandlade har du r\u00e4tt till viss information som vi h\u00e4r igenom tillhandah\u00e5ller dig. Personuppgiftsansvarig och vilka &hellip; L\u00e4s mer &rarr;","_links":{"self":[{"href":"https:\/\/iktyos.se\/index.php?rest_route=\/wp\/v2\/pages\/42","targetHints":{"allow":["GET"]}}],"collection":[{"href":"https:\/\/iktyos.se\/index.php?rest_route=\/wp\/v2\/pages"}],"about":[{"href":"https:\/\/iktyos.se\/index.php?rest_route=\/wp\/v2\/types\/page"}],"author":[{"embeddable":true,"href":"https:\/\/iktyos.se\/index.php?rest_route=\/wp\/v2\/users\/1"}],"replies":[{"embeddable":true,"href":"https:\/\/iktyos.se\/index.php?rest_route=%2Fwp%2Fv2%2Fcomments&post=42"}],"version-history":[{"count":32,"href":"https:\/\/iktyos.se\/index.php?rest_route=\/wp\/v2\/pages\/42\/revisions"}],"predecessor-version":[{"id":1635,"href":"https:\/\/iktyos.se\/index.php?rest_route=\/wp\/v2\/pages\/42\/revisions\/1635"}],"up":[{"embeddable":true,"href":"https:\/\/iktyos.se\/index.php?rest_route=\/wp\/v2\/pages\/27"}],"wp:attachment":[{"href":"https:\/\/iktyos.se\/index.php?rest_route=%2Fwp%2Fv2%2Fmedia&parent=42"}],"curies":[{"name":"wp","href":"https:\/\/api.w.org\/{rel}","templated":true}]}}