{"id":2130,"date":"2026-03-13T13:31:59","date_gmt":"2026-03-13T13:31:59","guid":{"rendered":"https:\/\/iktyos.se\/?page_id=2130"},"modified":"2026-03-13T13:48:31","modified_gmt":"2026-03-13T13:48:31","slug":"foreningshelgen-2026","status":"publish","type":"page","link":"https:\/\/iktyos.se\/?page_id=2130","title":{"rendered":"F\u00f6reningshelgen 2026"},"content":{"rendered":"\n<h2 class=\"wp-block-heading has-text-align-left\">V\u00e4lkommen till f\u00f6reningshelgen 2026!<\/h2>\n\n\n\n<div style=\"height:51px\" aria-hidden=\"true\" class=\"wp-block-spacer\"><\/div>\n\n\n\n<p>Vi har gl\u00e4djen att bjuda in till v\u00e5r \u00e5rliga f\u00f6reningshelg som i \u00e5r kommer att h\u00e5llas p\u00e5 Backag\u00e5rden i H\u00f6\u00f6r helgen den 22\u201324 maj 2026. Helgen blir ett tillf\u00e4lle f\u00f6r gl\u00e4dje, gemenskap och erfarenhetsutbyte i en lugn och naturn\u00e4ra milj\u00f6. Under helgen kommer \u00e4ven f\u00f6reningens \u00e5rsm\u00f6te att h\u00e5llas, d\u00e4r vi tillsammans summerar \u00e5ret som g\u00e5tt och blickar fram\u00e5t.<br><\/p>\n\n\n\n<p>\u00c5rets tema f\u00f6r f\u00f6reningshelgen \u00e4r \u201dDet h\u00e4r funkar f\u00f6r mig\u201d \u2013 med fokus p\u00e5 att dela personliga erfarenheter, tips och strategier som fungerar i vardagen. Genom samtal och m\u00f6ten med andra med liknande erfarenheter hoppas vi kunna inspirera och st\u00e4rka varandra. Det kommer bland annat att bjudas p\u00e5 f\u00f6rel\u00e4sning av v\u00e5r medlem Henric Skytt som forskat p\u00e5 sin egen diagnos, Centrum f\u00f6r S\u00e4llsynta Diagnoser Syd kommer och f\u00f6rel\u00e4ser och ett microsilkbadkar kommer att finnas p\u00e5 plats f\u00f6r de som vill testa. Ta g\u00e4rna med dina b\u00e4sta tips och trix ifr\u00e5n vardagen, alltifr\u00e5n bad\/duschrutiner, hudv\u00e5rd\/smink, fritidskl\u00e4dsel eller vad du g\u00f6r n\u00e4r huden st\u00f6kar.&nbsp;<\/p>\n\n\n\n<figure class=\"wp-block-image size-large\"><img loading=\"lazy\" decoding=\"async\" width=\"800\" height=\"274\" src=\"https:\/\/iktyos.se\/wp-content\/uploads\/2026\/03\/Vy--800x274.png\" alt=\"\" class=\"wp-image-2155\" srcset=\"https:\/\/iktyos.se\/wp-content\/uploads\/2026\/03\/Vy--800x274.png 800w, https:\/\/iktyos.se\/wp-content\/uploads\/2026\/03\/Vy--200x68.png 200w, https:\/\/iktyos.se\/wp-content\/uploads\/2026\/03\/Vy--768x263.png 768w, https:\/\/iktyos.se\/wp-content\/uploads\/2026\/03\/Vy-.png 812w\" sizes=\"auto, (max-width: 800px) 100vw, 800px\" \/><\/figure>\n\n\n\n<p>Mer information om programmet kommer l\u00e4ngre fram!<\/p>\n\n\n\n<p>P\u00e5 Backag\u00e5rden bor vi i en fridfull, gr\u00f6nskande och behaglig milj\u00f6 och omr\u00e5det erbjuder gott om utrymme f\u00f6r aktiviteter, inklusive flera grillplatser, boulebana, bastu, fotbollsplan och utegym. Dessutom finns det motionsslingor som l\u00f6per genom en vacker l\u00f6vskog med en fascinerande historia att utforska.&nbsp;<\/p>\n\n\n\n<p><strong>S\u00e5 h\u00e4r bor vi:&nbsp;<\/strong><br>Det erbjuds lite olika boenden p\u00e5 kursg\u00e5rden, allt fr\u00e5n 4-b\u00e4ddsrum till dubbel eller enkelrum. De flesta rum har egen wc, det \u00e4r n\u00e5gra enstaka enkelrum som delar med ett annat enkelrum. Vi kommer i s\u00e5 stor utstr\u00e4ckning som m\u00f6jligt tillgodose s\u00e5 att alla f\u00e5r ett rum med egen wc\/dusch d\u00e5 vi vet att det \u00e4r viktigt f\u00f6r m\u00e5nga. Styrelsen kommer att placera er i l\u00e4mpliga boenden och som sagt s\u00e5 \u00e4r det f\u00f6rst och fr\u00e4mst boende med egen wc\/dusch som g\u00e4ller.&nbsp;Lakan och handdukar finns p\u00e5 kursg\u00e5rden.<br><br> <strong>OBS <\/strong>ta med badkl\u00e4der f\u00f6r bad i bastu om du \u00f6nskar.<\/p>\n\n\n\n<figure class=\"wp-block-image size-large\"><img loading=\"lazy\" decoding=\"async\" width=\"800\" height=\"174\" src=\"https:\/\/iktyos.se\/wp-content\/uploads\/2026\/03\/Sa-har-bor-vi-800x174.png\" alt=\"\" class=\"wp-image-2156\" srcset=\"https:\/\/iktyos.se\/wp-content\/uploads\/2026\/03\/Sa-har-bor-vi-800x174.png 800w, https:\/\/iktyos.se\/wp-content\/uploads\/2026\/03\/Sa-har-bor-vi-200x44.png 200w, https:\/\/iktyos.se\/wp-content\/uploads\/2026\/03\/Sa-har-bor-vi-768x167.png 768w, https:\/\/iktyos.se\/wp-content\/uploads\/2026\/03\/Sa-har-bor-vi.png 876w\" sizes=\"auto, (max-width: 800px) 100vw, 800px\" \/><\/figure>\n\n\n\n<p>L\u00e4s g\u00e4rna mer p\u00e5 <a href=\"https:\/\/backagarden.se\" target=\"_blank\" rel=\"noreferrer noopener\">https:\/\/backagarden.se<\/a><\/p>\n\n\n\n<h3 class=\"wp-block-heading has-text-align-center\"><strong>Prelimin\u00e4rt program<\/strong><\/h3>\n\n\n\n<div class=\"wp-block-columns is-layout-flex wp-container-core-columns-is-layout-9d6595d7 wp-block-columns-is-layout-flex\">\n<div class=\"wp-block-column is-layout-flow wp-block-column-is-layout-flow\">\n<p><strong>Fredagen 22 maj<\/strong><br>Samling kl. 18.00<br>Vi grillar korv och installerar oss<br>Bastu f\u00f6r den som vill<br>Traditionell lottf\u00f6rs\u00e4ljning<br>V\u00e5rt evenemangsutskott ordnar med<br>aktiviteter f\u00f6r barnen p\u00e5 fredagskv\u00e4llen<br><br><strong>L\u00f6rdag 23 maj<\/strong><br>F\u00f6rel\u00e4sning av Centrum f\u00f6r S\u00e4llsynta<br>Diagnoser (CSD) Syd<br>Lunch<br>\u00c5rsm\u00f6te<br>F\u00f6rel\u00e4sning av v\u00e5r medlem Henric Skytt<\/p>\n\n\n\n<p><br><\/p>\n<\/div>\n\n\n\n<div class=\"wp-block-column is-layout-flow wp-block-column-is-layout-flow\">\n<p>Prova p\u00e5 att bada h\u00e4nderna i ett Microsilk badkar<br>Bastu f\u00f6r den som vill<br>Tv\u00e5r\u00e4ttersmiddag<br>Lotteridragning<br><strong>F\u00f6r barnen:<\/strong><br>Lek och uppt\u00e5g, boule, fotboll m.m.<br>Pysselstationer<br>Pyjamasparty p\u00e5 kv\u00e4llen f\u00f6r den som vill, eller<br>filmtajm<br><br><strong>S\u00f6ndag 24 maj<\/strong><br>Frukost<br>5-kamp och tid f\u00f6r umg\u00e4nge<br>Lunch och hemf\u00e4rd<\/p>\n\n\n\n<p><br><\/p>\n<\/div>\n<\/div>\n\n\n\n<div style=\"height:36px\" aria-hidden=\"true\" class=\"wp-block-spacer\"><\/div>\n\n\n\n<div class=\"wp-block-columns is-layout-flex wp-container-core-columns-is-layout-9d6595d7 wp-block-columns-is-layout-flex\">\n<div class=\"wp-block-column is-layout-flow wp-block-column-is-layout-flow\">\n<h4 class=\"wp-block-heading\">Hitta hit:<\/h4>\n\n\n\n<p>Till Backag\u00e5rden tar man sig l\u00e4tt med b\u00e5de<br>bil och t\u00e5g fr\u00e5n hela Sverige.<\/p>\n\n\n\n<h4 class=\"wp-block-heading\">Med t\u00e5g:<\/h4>\n\n\n\n<p>Vid H\u00f6\u00f6rs station ligger Taxi Frosta,<br>telefon: 0413-202 35.<br>Om man vill ta buss fr\u00e5n stationen till<br>Backag\u00e5rden s\u00e5 \u00e4r det nummer: 444.<\/p>\n\n\n\n<p>Backag\u00e5rden ligger ca 5 km fr\u00e5n<br>stationen.<\/p>\n\n\n\n<h4 class=\"wp-block-heading\">Med bil:<\/h4>\n\n\n\n<p>Backag\u00e5rdens Kurs och Konferenscenter<br>Stenskogen 735<br>243 91 H\u00f6\u00f6r<\/p>\n\n\n\n<p>Det \u00e4r gratis parkering p\u00e5 kursg\u00e5rden.<br>Tyv\u00e4rr finns inga elbilsladdare, men i<br>centrala H\u00f6\u00f6r finns det m\u00f6jlighet att<br>ladda bilen.<\/p>\n<\/div>\n\n\n\n<div class=\"wp-block-column is-layout-flow wp-block-column-is-layout-flow\">\n<h4 class=\"wp-block-heading\">S\u00e5 h\u00e4r anm\u00e4ler du dig!<\/h4>\n\n\n\n<p>Anm\u00e4lan g\u00f6rs genom att betala in deltagaravgiften<br>till Iktyosf\u00f6reningens <strong>bankgiro 5668-0556<\/strong> eller till v\u00e5r<br><strong>Swish 123 668 7305.<\/strong><br>Ange vid inbetalningen att den avser f\u00f6reningshelgen<br>och hur m\u00e5nga som kommer.<\/p>\n\n\n\n<p><strong>Det \u00e4r viktigt att du samtidigt mailar styrelsen<br>p\u00e5 info@iktyos.se<\/strong><\/p>\n\n\n\n<p>Ange samtliga deltagares namn, adress, \u00e5lder p\u00e5 barn,<br>speciella \u00f6nskem\u00e5l och om det finns matallergier eller<br>kostpreferenser.<br>Husdjur \u00e4r v\u00e4lkomna i utvalda boenden, ange i<br>mejlet till styrelsen om det \u00e4r aktuellt.<\/p>\n\n\n\n<p>I vanlig ordning subventionerar Iktyosf\u00f6reningen<br>kraftigt kostnaden f\u00f6r att delta p\u00e5 f\u00f6reningshelgen.<br><strong>Tack vare statsbidraget kommer f\u00f6reningen att st\u00e5<br>f\u00f6r er resa med mest ekonomiska f\u00e4rds\u00e4tt<\/strong>, ni l\u00e4mnar<br>in en reser\u00e4kning efter helgen. Deltagaravgiften ska<br>fortfarande betalas som vanligt.<\/p>\n\n\n\n<p class=\"has-text-align-left\"><strong>Deltagaravgifter 2026<br>0-4 \u00e5r: 100 kr<br>5-14 \u00e5r: 500 kr<br>Fr\u00e5n 15 \u00e5r: 800 kr<\/strong><br><br>I deltagaravgiften ing\u00e5r allt under helgen, men man<br>betalar sj\u00e4lv p\u00e5 plats om man till exempel vill ha \u00f6l\/vin<br>till middagen.<\/p>\n\n\n\n<p class=\"has-text-align-left\">Anm\u00e4lan\/deltagaravgiften ska vara f\u00f6reningen<br>tillhanda <strong>senast m\u00e5ndag den 6 april 2026<\/strong><\/p>\n\n\n\n<p class=\"has-text-align-left\"><\/p>\n<\/div>\n<\/div>\n\n\n\n<p><\/p>\n\n\n\n<p><\/p>\n\n\n\n<p><\/p>\n\n\n\n<p><\/p>\n","protected":false},"excerpt":{"rendered":"<p>V\u00e4lkommen till f\u00f6reningshelgen 2026! Vi har gl\u00e4djen att bjuda in till v\u00e5r \u00e5rliga f\u00f6reningshelg som i \u00e5r kommer att h\u00e5llas p\u00e5 Backag\u00e5rden i H\u00f6\u00f6r helgen den 22\u201324 maj 2026. Helgen blir ett tillf\u00e4lle f\u00f6r gl\u00e4dje, gemenskap och erfarenhetsutbyte i en <span class=\"excerpt-dots\">&hellip;<\/span> <a class=\"more-link\" href=\"https:\/\/iktyos.se\/?page_id=2130\"><span class=\"more-msg\">L\u00e4s mer &rarr;<\/span><\/a><\/p>\n","protected":false},"author":1,"featured_media":0,"parent":1143,"menu_order":0,"comment_status":"closed","ping_status":"closed","template":"","meta":{"_uag_custom_page_level_css":"","footnotes":""},"class_list":["post-2130","page","type-page","status-publish","hentry"],"uagb_featured_image_src":{"full":false,"thumbnail":false,"medium":false,"medium_large":false,"large":false,"1536x1536":false,"2048x2048":false},"uagb_author_info":{"display_name":"Iktyosf\u00f6reningen","author_link":"https:\/\/iktyos.se\/?author=1"},"uagb_comment_info":0,"uagb_excerpt":"V\u00e4lkommen till f\u00f6reningshelgen 2026! Vi har gl\u00e4djen att bjuda in till v\u00e5r \u00e5rliga f\u00f6reningshelg som i \u00e5r kommer att h\u00e5llas p\u00e5 Backag\u00e5rden i H\u00f6\u00f6r helgen den 22\u201324 maj 2026. Helgen blir ett tillf\u00e4lle f\u00f6r gl\u00e4dje, gemenskap och erfarenhetsutbyte i en &hellip; L\u00e4s mer &rarr;","_links":{"self":[{"href":"https:\/\/iktyos.se\/index.php?rest_route=\/wp\/v2\/pages\/2130","targetHints":{"allow":["GET"]}}],"collection":[{"href":"https:\/\/iktyos.se\/index.php?rest_route=\/wp\/v2\/pages"}],"about":[{"href":"https:\/\/iktyos.se\/index.php?rest_route=\/wp\/v2\/types\/page"}],"author":[{"embeddable":true,"href":"https:\/\/iktyos.se\/index.php?rest_route=\/wp\/v2\/users\/1"}],"replies":[{"embeddable":true,"href":"https:\/\/iktyos.se\/index.php?rest_route=%2Fwp%2Fv2%2Fcomments&post=2130"}],"version-history":[{"count":14,"href":"https:\/\/iktyos.se\/index.php?rest_route=\/wp\/v2\/pages\/2130\/revisions"}],"predecessor-version":[{"id":2163,"href":"https:\/\/iktyos.se\/index.php?rest_route=\/wp\/v2\/pages\/2130\/revisions\/2163"}],"up":[{"embeddable":true,"href":"https:\/\/iktyos.se\/index.php?rest_route=\/wp\/v2\/pages\/1143"}],"wp:attachment":[{"href":"https:\/\/iktyos.se\/index.php?rest_route=%2Fwp%2Fv2%2Fmedia&parent=2130"}],"curies":[{"name":"wp","href":"https:\/\/api.w.org\/{rel}","templated":true}]}}

Föreningshelgen 2026

<h2 class="wp-block-heading has-text-align-left">Välkommen till föreningshelgen 2026!</h2>



<div style="height:51px" aria-hidden="true" class="wp-block-spacer"></div>



<p>Vi har glädjen att bjuda in till vår årliga föreningshelg som i år kommer att hållas på Backagården i Höör helgen den 22–24 maj 2026. Helgen blir ett tillfälle för glädje, gemenskap och erfarenhetsutbyte i en lugn och naturnära miljö. Under helgen kommer även föreningens årsmöte att hållas, där vi tillsammans summerar året som gått och blickar framåt.<br></p>



<p>Årets tema för föreningshelgen är ”Det här funkar för mig” – med fokus på att dela personliga erfarenheter, tips och strategier som fungerar i vardagen. Genom samtal och möten med andra med liknande erfarenheter hoppas vi kunna inspirera och stärka varandra. Det kommer bland annat att bjudas på föreläsning av vår medlem Henric Skytt som forskat på sin egen diagnos, Centrum för Sällsynta Diagnoser Syd kommer och föreläser och ett microsilkbadkar kommer att finnas på plats för de som vill testa. Ta gärna med dina bästa tips och trix ifrån vardagen, alltifrån bad/duschrutiner, hudvård/smink, fritidsklädsel eller vad du gör när huden stökar.&nbsp;</p>



<figure class="wp-block-image size-large"><img loading="lazy" decoding="async" width="800" height="274" src="https://iktyos.se/wp-content/uploads/2026/03/Vy--800x274.png" alt="" class="wp-image-2155" srcset="https://iktyos.se/wp-content/uploads/2026/03/Vy--800x274.png 800w, https://iktyos.se/wp-content/uploads/2026/03/Vy--200x68.png 200w, https://iktyos.se/wp-content/uploads/2026/03/Vy--768x263.png 768w, https://iktyos.se/wp-content/uploads/2026/03/Vy-.png 812w" sizes="auto, (max-width: 800px) 100vw, 800px" /></figure>



<p>Mer information om programmet kommer längre fram!</p>



<p>På Backagården bor vi i en fridfull, grönskande och behaglig miljö och området erbjuder gott om utrymme för aktiviteter, inklusive flera grillplatser, boulebana, bastu, fotbollsplan och utegym. Dessutom finns det motionsslingor som löper genom en vacker lövskog med en fascinerande historia att utforska.&nbsp;</p>



<p><strong>Så här bor vi:&nbsp;</strong><br>Det erbjuds lite olika boenden på kursgården, allt från 4-bäddsrum till dubbel eller enkelrum. De flesta rum har egen wc, det är några enstaka enkelrum som delar med ett annat enkelrum. Vi kommer i så stor utsträckning som möjligt tillgodose så att alla får ett rum med egen wc/dusch då vi vet att det är viktigt för många. Styrelsen kommer att placera er i lämpliga boenden och som sagt så är det först och främst boende med egen wc/dusch som gäller.&nbsp;Lakan och handdukar finns på kursgården.<br><br> <strong>OBS </strong>ta med badkläder för bad i bastu om du önskar.</p>



<figure class="wp-block-image size-large"><img loading="lazy" decoding="async" width="800" height="174" src="https://iktyos.se/wp-content/uploads/2026/03/Sa-har-bor-vi-800x174.png" alt="" class="wp-image-2156" srcset="https://iktyos.se/wp-content/uploads/2026/03/Sa-har-bor-vi-800x174.png 800w, https://iktyos.se/wp-content/uploads/2026/03/Sa-har-bor-vi-200x44.png 200w, https://iktyos.se/wp-content/uploads/2026/03/Sa-har-bor-vi-768x167.png 768w, https://iktyos.se/wp-content/uploads/2026/03/Sa-har-bor-vi.png 876w" sizes="auto, (max-width: 800px) 100vw, 800px" /></figure>



<p>Läs gärna mer på <a href="https://backagarden.se" target="_blank" rel="noreferrer noopener">https://backagarden.se</a></p>



<h3 class="wp-block-heading has-text-align-center"><strong>Preliminärt program</strong></h3>



<div class="wp-block-columns is-layout-flex wp-container-core-columns-is-layout-9d6595d7 wp-block-columns-is-layout-flex">
<div class="wp-block-column is-layout-flow wp-block-column-is-layout-flow">
<p><strong>Fredagen 22 maj</strong><br>Samling kl. 18.00<br>Vi grillar korv och installerar oss<br>Bastu för den som vill<br>Traditionell lottförsäljning<br>Vårt evenemangsutskott ordnar med<br>aktiviteter för barnen på fredagskvällen<br><br><strong>Lördag 23 maj</strong><br>Föreläsning av Centrum för Sällsynta<br>Diagnoser (CSD) Syd<br>Lunch<br>Årsmöte<br>Föreläsning av vår medlem Henric Skytt</p>



<p><br></p>
</div>



<div class="wp-block-column is-layout-flow wp-block-column-is-layout-flow">
<p>Prova på att bada händerna i ett Microsilk badkar<br>Bastu för den som vill<br>Tvårättersmiddag<br>Lotteridragning<br><strong>För barnen:</strong><br>Lek och upptåg, boule, fotboll m.m.<br>Pysselstationer<br>Pyjamasparty på kvällen för den som vill, eller<br>filmtajm<br><br><strong>Söndag 24 maj</strong><br>Frukost<br>5-kamp och tid för umgänge<br>Lunch och hemfärd</p>



<p><br></p>
</div>
</div>



<div style="height:36px" aria-hidden="true" class="wp-block-spacer"></div>



<div class="wp-block-columns is-layout-flex wp-container-core-columns-is-layout-9d6595d7 wp-block-columns-is-layout-flex">
<div class="wp-block-column is-layout-flow wp-block-column-is-layout-flow">
<h4 class="wp-block-heading">Hitta hit:</h4>



<p>Till Backagården tar man sig lätt med både<br>bil och tåg från hela Sverige.</p>



<h4 class="wp-block-heading">Med tåg:</h4>



<p>Vid Höörs station ligger Taxi Frosta,<br>telefon: 0413-202 35.<br>Om man vill ta buss från stationen till<br>Backagården så är det nummer: 444.</p>



<p>Backagården ligger ca 5 km från<br>stationen.</p>



<h4 class="wp-block-heading">Med bil:</h4>



<p>Backagårdens Kurs och Konferenscenter<br>Stenskogen 735<br>243 91 Höör</p>



<p>Det är gratis parkering på kursgården.<br>Tyvärr finns inga elbilsladdare, men i<br>centrala Höör finns det möjlighet att<br>ladda bilen.</p>
</div>



<div class="wp-block-column is-layout-flow wp-block-column-is-layout-flow">
<h4 class="wp-block-heading">Så här anmäler du dig!</h4>



<p>Anmälan görs genom att betala in deltagaravgiften<br>till Iktyosföreningens <strong>bankgiro 5668-0556</strong> eller till vår<br><strong>Swish 123 668 7305.</strong><br>Ange vid inbetalningen att den avser föreningshelgen<br>och hur många som kommer.</p>



<p><strong>Det är viktigt att du samtidigt mailar styrelsen<br>på info@iktyos.se</strong></p>



<p>Ange samtliga deltagares namn, adress, ålder på barn,<br>speciella önskemål och om det finns matallergier eller<br>kostpreferenser.<br>Husdjur är välkomna i utvalda boenden, ange i<br>mejlet till styrelsen om det är aktuellt.</p>



<p>I vanlig ordning subventionerar Iktyosföreningen<br>kraftigt kostnaden för att delta på föreningshelgen.<br><strong>Tack vare statsbidraget kommer föreningen att stå<br>för er resa med mest ekonomiska färdsätt</strong>, ni lämnar<br>in en reseräkning efter helgen. Deltagaravgiften ska<br>fortfarande betalas som vanligt.</p>



<p class="has-text-align-left"><strong>Deltagaravgifter 2026<br>0-4 år: 100 kr<br>5-14 år: 500 kr<br>Från 15 år: 800 kr</strong><br><br>I deltagaravgiften ingår allt under helgen, men man<br>betalar själv på plats om man till exempel vill ha öl/vin<br>till middagen.</p>



<p class="has-text-align-left">Anmälan/deltagaravgiften ska vara föreningen<br>tillhanda <strong>senast måndag den 6 april 2026</strong></p>



<p class="has-text-align-left"></p>
</div>
</div>



<p></p>



<p></p>



<p></p>



<p></p>

<p>Välkommen till föreningshelgen 2026! Vi har glädjen att bjuda in till vår årliga föreningshelg som i år kommer att hållas på Backagården i Höör helgen den 22–24 maj 2026. Helgen blir ett tillfälle för glädje, gemenskap och erfarenhetsutbyte i en <span class="excerpt-dots">&hellip;</span> <a class="more-link" href="https://iktyos.se/?page_id=2130"><span class="more-msg">Läs mer &rarr;</span></a></p>

Iktyosföreningen

Välkommen till föreningshelgen 2026! Vi har glädjen att bjuda in till vår årliga föreningshelg som i år kommer att hållas på Backagården i Höör helgen den 22–24 maj 2026. Helgen blir ett tillfälle för glädje, gemenskap och erfarenhetsutbyte i en &hellip; Läs mer &rarr;
